.
4
Calculate the remainder when 701 is divided by (-4 + -7)/((11 - 5)/(-48)).
85
Let t(q) = 104*q**2 + 110*q + 214. What is the remainder when t(-2) is divided by 103?
101
What is the remainder when 240 is divided by 164/(-9 + 1 - -10)?
76
Let z be (-1)/2 - 70/(-20). Suppose h = z*h - 172. Let m = h - 4. Calculate the remainder when m is divided by 21.
19
Suppose l + 0*l = -2*q + 5, -4*q - 53 = -5*l. Suppose 11*z - 78 = l*z. Calculate the remainder when z is divided by 22.
17
Let p(r) = r**3 + r**2 - 4*r + 1. Calculate the remainder when p(3) is divided by 17.
8
Suppose 6*b - 10*b + 292 = 0. Calculate the remainder when b is divided by 38.
35
What is the remainder when (-38812)/(-40) - 75/250 is divided by 9?
7
Let t be (3 - 21/6)*-122. Suppose -5*l + 2*l + 58 = -5*a, -2*a - t = -3*l. Let i(d) = -d**2 - d + 40. Calculate the remainder when i(0) is divided by l.
19
Let c = 33 - 31. Calculate the remainder when 25 is divided by c.
1
Suppose 3*h + 71 = 2*c, -20*c + 21*c - 5*h - 39 = 0. What is the remainder when c is divided by 19?
15
Suppose i + m + 131 = 6*i, 4*i - 92 = 4*m. What is the remainder when 159 is divided by i?
24
What is the remainder when (-2781)/(-6)*(-360)/(-405) is divided by 38?
32
Suppose 0 = -4*m + 16, -28 = -c - 3*m + 15. Calculate the remainder when 142 is divided by c.
18
Suppose 12*k + 4*h = 15*k - 1473, 2*k + 5*h = 982. Calculate the remainder when k is divided by 45.
41
Let r = -11 + 10. Let x(s) = -14*s**3 + 2*s + 1. What is the remainder when 24 is divided by x(r)?
11
Suppose -5*i = -5*h - 6 + 41, -5*i = 25. Suppose 5*m - 3*m - 18 = 0. Calculate the remainder when h/7 - (-356)/28 is divided by m.
4
Suppose 8*i - 8 = 6*i. Suppose -i + 20 = -p. Calculate the remainder when (-50)/(-1)*p/(-20) is divided by 14.
12
Let l = 28 - -26. Let g = 10 - 11. What is the remainder when 25 is divided by (g/3)/((-2)/l)?
7
Let q be 91/78 - (-1)/(-6). Calculate the remainder when 13 is divided by (-95)/(-30) + q/(-6).
1
Let s be (-1234)/(-11) - (-8)/(-44). Suppose 5*m - 124 = -2*t - t, -4*m = -4*t - s. What is the remainder when 76 is divided by m?
24
Let n be 6*(2 + 3)*(-288)/5. What is the remainder when n/(-20) - (-6)/20*2 is divided by 18?
15
Let d = 46 - 26. Calculate the remainder when (-39)/((-7)/21 - 0) is divided by d.
17
Suppose -439*n + 448*n - 162 = 0. What is the remainder when 0 + -2 + 3 - -68 is divided by n?
15
Let v = 9 + 2. Suppose -32 = v*o - 252. What is the remainder when o is divided by 12?
8
Let s = -82 - -57. Let w(t) = t**2 + 28*t + 87. What is the remainder when 69 is divided by w(s)?
9
Let o = 15 - 98. Let p = 101 - o. What is the remainder when p is divided by 17?
14
Let d = 179 - 79. Let n = d + -47. Calculate the remainder when n is divided by 18.
17
Let b(i) = -i**3 + 9*i**2 + 23. What is the remainder when b(9) is divided by 20?
3
Suppose -4*b + 46 = -134. Suppose -15 = 2*l - 3*l - 3*o, b = 3*l + 3*o. Suppose -670*d = -665*d - 285. Calculate the remainder when d is divided by l.
12
Let h = -6 - -4. Let w be (h/(-5))/((-2)/(-10)). Suppose -o + w*o = i - 45, -i = o - 43. What is the remainder when i is divided by 15?
14
Suppose -77*d + 48 = -75*d. What is the remainder when 41 is divided by d?
17
Suppose -3*p = -6, 4*q - 3*p - 258 = -68. Let z(b) = b**2 + 8*b - 7. Let c be z(-6). Let o = 44 + c. What is the remainder when q is divided by o?
24
Let h = -50 - -61. Suppose 34 + 21 = h*o. Calculate the remainder when o is divided by 3.
2
Let d(h) be the third derivative of 0 - 5/6*h**3 + 0*h - 5*h**2 + 7/60*h**5 - 5/24*h**4. What is the remainder when d(-2) is divided by 17?
16
Let v(q) = q**3 + 5*q**2 + 27*q - 112. What is the remainder when v(4) is divided by 16?
12
Suppose 70 = 5*t + 5*v, -2*v - 2*v - 16 = 0. Suppose 3*p + 0*p = 15. Calculate the remainder when t is divided by p.
3
Let c(v) = -4 + 0 - 1 + 3*v + 5*v**2. Suppose 0 = 5*s + t + 6 + 10, -5*s = 3*t + 8. Calculate the remainder when c(s) is divided by 33.
30
What is the remainder when 105 is divided by 189/7*10/10?
24
Suppose 37 = -2*o - 5*l, 2 = o - 5*l + 13. What is the remainder when (819/(-84))/((-26)/o + -2) is divided by 11?
4
Suppose 0 = 5*x + c - 611, x = -3*c - 41 + 152. What is the remainder when x is divided by 45?
33
Let q(h) = h**3 + h - 241. Let v be q(0). Calculate the remainder when ((-27)/6)/(-9) + v/(-2) is divided by 31.
28
Suppose -t = -5*c - 15, -3*t + 2*c + 58 = -0*t. Let i = -11 + t. Let h = -15 + 19. What is the remainder when i is divided by h?
1
Let x = 39 + -21. Suppose o - 2*l - 95 = 0, 2*o + 5*l - 158 = l. Calculate the remainder when o is divided by x.
15
Suppose 2*b + 0*b + 10 = 4*z, 6 = z + 3*b. Suppose -4*s = -5*p + 56, -2*s + z*s + 11 = p. Calculate the remainder when p is divided by 5.
2
Suppose -5*u + 32 = -23. Suppose -4*n = 3 - u. Calculate the remainder when 2 is divided by (n/3)/((-1)/(-3)).
0
Let p(a) = a**2 - 5*a + 7. Let z be p(5). Suppose z*y - 13*y = -90. What is the remainder when 70 is divided by y?
10
Suppose -3*d = 2*c - 91 - 47, -3*d + 8*c + 138 = 0. What is the remainder when d is divided by 14?
4
Let p(m) = -4*m + 24. Let q(b) = -13*b + 71. Let l(k) = -7*p(k) + 2*q(k). What is the remainder when 27 is divided by l(17)?
3
Let n(y) = y - 4. Suppose -99 = -3*i - 0*i. Let j be i/11*14/6. What is the remainder when n(j) is divided by 3?
0
What is the remainder when ((-156)/6)/((-8)/12) is divided by 26?
13
Suppose -80 = 5*w - 9*w. Let z = 43 + 56. Calculate the remainder when z is divided by w.
19
Let n(z) = z**3 - 7*z**2 - 8. Let b be n(7). Let y = 42 + b. What is the remainder when 134 is divided by y?
32
Suppose -b + 5*b + 588 = 2*l, 3*b + 3*l + 432 = 0. Let x = b + 215. Let i(p) = -7*p - 10. What is the remainder when x is divided by i(-4)?
15
Let x = 331 + -278. Calculate the remainder when x is divided by 9.
8
Suppose -3*k = 0, -l + 12 = 2*l + 5*k. Let n(p) = -p**3 - 5*p**2 + 11. What is the remainder when n(-5) is divided by l?
3
Let k(l) = -l**2 + 5*l - 1. Let f be k(3). Suppose h - w - f - 1 = 0, 4*h + w = 14. Suppose -a + h*a = 30. Calculate the remainder when 28 is divided by a.
8
Let f = 15 + 8. Calculate the remainder when (47 - 1) + 4 + -6 is divided by f.
21
Let a(k) = k**2 + 25. Suppose -2*u = -4*u - x + 13, -3*u + 5*x = 13. Suppose 5*d + u*d = 441. Calculate the remainder when d is divided by a(0).
24
Calculate the remainder when 100 is divided by 492/33 + (-30)/(-330).
10
Let i be 1 + -3 + 58 + 4. Let p = 91 - i. Let b(m) = m + 19. What is the remainder when p is divided by b(-8)?
9
Let k(q) = -9*q**2 + 98*q - 9. What is the remainder when k(10) is divided by 25?
21
Suppose -245*v = -244*v - 7. What is the remainder when 214 is divided by v?
4
Suppose 3*y + 8 - 191 = 0. What is the remainder when y is divided by 396/55 - (-6)/(-30)?
5
Let r(x) = 4*x**3 - 13*x**2 + 4. Calculate the remainder when r(4) is divided by 21.
10
Let m(l) = 3*l**2 + 8*l + 10. Let o(u) = u**3 - 13*u**2 - 14*u - 6. Let i be o(14). Calculate the remainder when m(i) is divided by 24.
22
Let u = 13 - 11. Let h = 20 + u. What is the remainder when h is divided by 12?
10
Suppose 0*d - 5*d = -5*s + 2305, -5*s + 2275 = d. Calculate the remainder when s is divided by 51.
48
Let t(v) = 2*v + 27. Let n be t(-11). Suppose 90 = -2*r + 3*r + n*g, -250 = -4*r + 2*g. Calculate the remainder when r is divided by 17.
14
Suppose 0 = f + 5*h - 87, 3*f = -3*h + 6*h + 171. Calculate the remainder when 185 is divided by f.
61
Let r(k) = 2*k**2 + 17*k + 76. What is the remainder when r(-9) is divided by 33?
19
Suppose -5225 = -123*n + 7567. What is the remainder when n is divided by (-65)/(-9) - 4/18?
6
Suppose 2*g - 1 = -0*g + 3*i, 5*g + 4*i = 37. Suppose q - 3*p - 40 = 0, -g - 101 = -3*q - 5*p. Let f = -19 + q. Calculate the remainder when f is divided by 10.
8
Suppose -33*g + 3329 = -4. Calculate the remainder when 271 is divided by g.
69
Let k(q) = 26*q**2 - q + 10. Calculate the remainder when k(-3) is divided by 31.
30
Let t be (-2 - (-237)/3) + (-2 - -1). Let f = 172 - t. What is the remainder when f is divided by 14?
12
Suppose 4*h = t + t + 224, 2*h = -5*t + 112. Let f be 4/(-10)*95/(-38). Let y(u) = 19*u**2 + 5*u - 5. What is the remainder when h is divided by y(f)?
18
Let q(t) = 4*t**2 + 11*t + 19. Suppose -9*s + 7*s 